g) = -4*g + g**3 + i + 39*g**2 - 32*g**2 - 10. Is a(-7) a composite number?
False
Let a = -96 + 143. Let r be 0/(-3 - (-3 + 1)). Suppose -4*k + j + 49 = r, -7*j - a = -2*k - 2*j. Is k a prime number?
True
Suppose 7*g - 12*g = -42035. Is g a prime number?
False
Let h(i) = 222*i - 4. Let m = -3 - -6. Let n be h(m). Is n/14 + (-2)/7 composite?
False
Let x(z) be the third derivative of z**5/30 + 3*z**4/8 - 17*z**3/6 + 5*z**2. Is x(-14) a prime number?
False
Let o(c) = 4*c**2 + 13*c - 11. Let j be o(-11). Suppose -j = 4*i + i. Is (i + 0)*(-2)/4 prime?
False
Suppose 2277 = 3*r - 444. Is r a composite number?
False
Let s(b) = b**2 - 5*b + 3. Let c be s(5). Let f(k) = 3*k**3 + 3*k**2 + 3*k - 4. Is f(c) a prime number?
True
Suppose -22*z + 27*z = 370. Is z prime?
False
Let n(o) = o**3 - 6*o**2 + 8*o - 15. Let t be n(11). Let r = t + -465. Is r prime?
False
Let o be 1*(0 - 0)/2. Suppose o*v = -2*v. Is -3 + v + (1 - -117) a prime number?
False
Let l(m) = -12*m**3 + 3*m**2 + m - 7. Is l(-3) prime?
False
Let k(q) = -9*q - 1. Let i be k(2). Let g = -3 - i. Is (3 - 2)*-2 + g a composite number?
True
Let i(n) = 5*n**2 - 4*n - 8. Let o be i(-7). Suppose -b = 2*f - o, -3*b - 2*f + 794 = 3*f. Is b composite?
False
Suppose -2*z = -3289 + 47. Is z composite?
False
Let y be 1 - -1 - (-150 + -3). Suppose y - 15 = 4*d. Let q = 56 - d. Is q composite?
True
Suppose -l + 1 = -2. Suppose -31 = -l*m + 2*m. Is m a composite number?
False
Is (-4 - 28/(-8))/(2/(-1268)) a composite number?
False
Let m = 2305 - 1628. Is m composite?
False
Suppose 2*c + 169 - 687 = 0. Is c composite?
True
Let w be (-1 - (2 - 5)) + 18. Let v = w - 10. Is v a composite number?
True
Let f = 3886 - 2769. Is f a prime number?
True
Let a(p) = -2*p - 6. Suppose 20 = -0*x - 5*x. Let y be a(x). Suppose -30 = -y*z + 32. Is z a composite number?
False
Let j = 41 - 29. Is 1698/j - 3/6 composite?
True
Let m(t) = -2*t**3 + t**2 + 4*t + 2. Is m(-3) composite?
False
Suppose o + 3*k + 51 = 0, -5*o - k + 0*k = 311. Let h = o + 97. Is h composite?
True
Let y(o) = 6*o**2 + 5*o - 2. Let t(w) = w - 2. Let g be t(-2). Let q be y(g). Suppose -b - 34 = 3*s - 145, 2*s + 2*b = q. Is s a prime number?
True
Suppose -i = 3*k + 9, 5*k + 9 = 3*i + 2*k. Let h be i/((9/(-3))/3). Suppose -4*r - r + 1025 = h. Is r composite?
True
Let s(p) = -266*p + 1. Is s(-3) composite?
True
Let h be ((-15)/(-9))/((-2)/(-6)). Suppose -3*b - j = -13, 5*j + 0*j - h = -5*b. Is b a prime number?
False
Let v(a) = 49*a - 5. Let r(s) = 195*s - 20. Let q(i) = -6*r(i) + 25*v(i). Is q(4) a composite number?
True
Let d(x) = -x**3 + x**2 - 2*x + 257. Is d(0) composite?
False
Let p = -3 + -5. Is p/(-20) - (-9159)/15 composite?
True
Let k(a) = -7*a - 13 - 2*a - a + 0*a. Is k(-9) prime?
False
Let h(z) = -2*z - 6. Suppose -5*t + 4*r = 5*r - 42, -r - 3 = 0. Suppose p = -t - 1. Is h(p) composite?
True
Let a be 1/((-2)/(-8)) + 0. Suppose -4*q + d + 24 = 4*d, -a*d = 16. Is q a prime number?
False
Suppose -1 - 7 = -2*n. Suppose -n*p - 3*z + 280 = 0, -4*z = z - 20. Is p a prime number?
True
Suppose i + 5*z + 9 + 25 = 0, -5*z = -5*i - 260. Let g = 114 - i. Suppose -2*r + 0*t = t - g, 2*r + 3*t = 157. Is r prime?
True
Let i = -22 + 20. Is 3 + i + 1 + 189 a prime number?
True
Suppose 7*f - 764 = 3*f. Is f prime?
True
Let n be 24/(-8) + (-11 - 0). Is (2/3)/(n/(-1785)) a composite number?
True
Suppose -2*c + 8 = 2*c. Suppose -c*v + 73 = i, -3*i = i + 4. Is v a composite number?
False
Is (118/(-3))/(10/(-15)) prime?
True
Suppose 4*p - c - 2*c + 1496 = 0, -5*c - 1093 = 3*p. Let q = p + 628. Is q composite?
False
Let d = -30 - -12. Is 12/d*381/(-2) composite?
False
Let q = -27 - -98. Let h = -63 - -17. Let m = q + h. Is m a prime number?
False
Let c = -2 - -5. Is 2 + (c - 3) + 51 prime?
True
Suppose 3*l + 189 = 2*z - 2*l, -2*l - 95 = -z. Is z a prime number?
True
Let n(r) = -r**3 + 3*r**2 + 20*r + 7. Is n(-6) composite?
False
Let n(g) = 2*g**3 - 2*g**2 + 7*g - 13. Is n(6) composite?
False
Let z be (-395)/(-55) - (-4)/(-22). Suppose 0 = -w - 4*i + z*i + 25, -3*w + 5*i = -63. Suppose 0 = 3*u - w - 14. Is u a prime number?
False
Let h(k) = -k - 1. Let g(w) = -4*w - 7. Let u(y) = -g(y) + 3*h(y). Is u(3) a prime number?
True
Let f be 42*1/(-3)*-2. Suppose m = 3*m - f. Is m a prime number?
False
Let c(i) = -13*i - 9. Let x be c(-10). Suppose 5*p = b - 149, 5*p = -2*b - 16 - x. Let q = p - -43. Is q composite?
True
Let q(w) = -2*w**2 - w**2 + w + 4*w**2 - 4. Let z be q(0). Is (-9)/z - 2/8 a composite number?
False
Let i = 412 - 263. Is i a prime number?
True
Suppose 0 = j - 0*j. Suppose j = d + 4*d - 665. Is d a prime number?
False
Suppose -1 = -k + 1. Let f = 2 - k. Suppose o - 15 = -f*o. Is o a prime number?
False
Suppose -180*u + 183*u = 5397. Is u prime?
False
Let q(n) = -n**3 + 21*n**2 + 29*n + 7. Is q(22) composite?
True
Let o(h) = 2*h**2 - h. Let y be o(-1). Let i = 224 + -84. Suppose y*a = 7 + i. Is a composite?
True
Let z = 174 + -56. Suppose -3*h - z = -5*h. Is h composite?
False
Let x(b) = -b**2 + 2. Let n be x(2). Let v be (1 - n)/((-3)/3). Let k(g) = g**2 + 3*g + 2. Is k(v) prime?
True
Let g(l) = l**3 + 7*l**2 + 6*l + 3. Let x be g(-6). Let b = x + 2. Let p = 27 - b. Is p composite?
True
Suppose -5*f = -4*f - 39. Let a(j) = -6*j - 10*j - f*j. Is a(-1) a prime number?
False
Let n(u) be the first derivative of -3*u**2/2 + 3*u - 1. Let b be n(-5). Let r = 25 - b. Is r a prime number?
True
Is 1 + (2 - 0) - -100 composite?
False
Let c(g) = g + 15. Let i be c(-11). Suppose -t + i*t = 177. Is t prime?
True
Let x(y) = -37*y**2 + 3*y - 3. Let h be x(2). Let v = -102 - h. Is v composite?
False
Suppose -4*i - 471 + 5 = 2*l, i = -2*l - 463. Let m = l - -392. Is m composite?
True
Let s(b) = 65*b - 3. Suppose 2*t = -4 + 8. Is s(t) a composite number?
False
Suppose -14 = 5*d - 229. Let c = -6 + d. Is c a composite number?
False
Suppose 2*p = 2, -3*y - 6142 = -7*y - 2*p. Is y composite?
True
Suppose -10*g = -1723 - 1147. Is g composite?
True
Let t(a) be the third derivative of a**5/30 + 2*a**4/3 - 19*a**3/6 - 4*a**2. Is t(-14) a prime number?
True
Let l(u) = -11*u. Let a be l(-2). Suppose -30 = 4*n + a. Let y = n + 34. Is y composite?
True
Let c(m) = -32*m**2 + 2*m + 1. Let t be c(-4). Let z = 806 + t. Is z a prime number?
False
Let h(s) = 105*s + 16. Is h(3) prime?
True
Let a be 8638/6 + (-2)/3. Let p = a + -1012. Is p a prime number?
False
Let n(v) be the second derivative of v**4/6 + 2*v**3/3 + 3*v**2/2 - v. Let s be n(-2). Suppose -s*k + 129 = -0*k. Is k a composite number?
False
Suppose -858 = -5*j + 97. Is j composite?
False
Let i = 1 - -3. Let n(v) = -v**3 + 4*v**2 - v + 2. Let k be n(i). Is ((-3)/(-6))/(k/(-196)) composite?
True
Let o = -10 - -17. Suppose 1655 = -2*t + o*t. Is t composite?
False
Suppose 8*n - 4*n = 1972. Is n a prime number?
False
Let k(f) = -f**2 - 3*f + 2. Let z be k(-3). Suppose -212 = 3*s + 4*x - z*x, -2*x = 5*s + 352. Let w = -48 - s. Is w a prime number?
False
Let p(g) = -g - 7. Let d be p(-7). Let t(w) = d*w + 33*w**2 + 43*w**2 - w. Is t(-1) a composite number?
True
Suppose 4*p + 2*s + 29 = -171, 0 = -3*p + 5*s - 150. Is 1/1 + p/(-5) a prime number?
True
Let p = 153 + -78. Let y = 133 - p. Is y a composite number?
True
Let k be 268/9 + (-2)/(-9). Suppose k + 100 = 2*m. Is m prime?
False
Let k(q) = 0*q**2 + 2*q**2 - 1 + 2*q + 67*q**3 - 4*q**2. Let u be k(1). Suppose -3*z + u = -z. Is z a composite number?
True
Let s(c) = -4*c + 3. Let d be s(2). Let m(t) = -8*t - 2. Let i be m(d). Let b = i - 13. Is b a composite number?
True
Suppose -b = 0, 0 = z + 2*b - 7*b - 5. Suppose -3*k - 232 - 926 = 4*a, -z*k + 2*a = 1930. Let n = k - -547. Is n composite?
True
Is -1*-118*13 + (-18)/6 a prime number?
True
Suppose -5*m + 2*m + 90 = 0. Let r be 10 - 8 - (-1 + 1). Suppose r*p = 48 + m. Is p prime?
False
Suppose -n + 5 = -k, 2*k + 5*n - 11 - 14 = 0. Suppose k*l + 4*l = 8. Suppose 3*g = l*g + 11. Is g composite?
False
Let t = 274 + -420. Let r be 6/(-3) - (-1 + -262). Let m = r + t. Is m prime?
False
Suppose -4*u + 552 = -476. Is u prime?
True
Let z = 39 + -14. Let r = z + -12. Is r composite?
False
Let l(n) = 2*n**2 - 4*n + 3. Let r be l(2). Suppose 2*a + r*a = 10. Is 1 + 1 + (a - -30) a prime number?
False
Suppose 5*n = 263 - 18. Let j = 108 - n. Is j prime?
T